hat is 48b3 - 5?
48ae
In base 14, what is -5 + -20?
-25
In base 4, what is 200 + -30?
110
In base 14, what is -10 + 23?
13
In base 8, what is -5 + 26?
21
In base 5, what is -3 + -34321?
-34324
In base 15, what is -8 + -206?
-20e
In base 9, what is 2 + 1045?
1047
In base 8, what is 110 + -3?
105
In base 10, what is -47 - 107?
-154
In base 4, what is 11330 - 3?
11321
In base 9, what is 13 - -6?
20
In base 9, what is 285 + -16?
268
In base 14, what is -7a1 + 3?
-79c
In base 6, what is -33 + 5?
-24
In base 11, what is -36 - -12?
-24
In base 12, what is -4a + b?
-3b
In base 6, what is -314 - 2?
-320
In base 8, what is 2 - -15?
17
In base 8, what is 2 - 44?
-42
In base 9, what is -7 + -34?
-42
In base 7, what is 2045 - -5?
2053
In base 5, what is 1 - -1102?
1103
In base 7, what is -23 - 6?
-32
In base 4, what is 103 + 10?
113
In base 2, what is 1000110110010100 - -10?
1000110110010110
In base 4, what is -20023 - 1?
-20030
In base 2, what is -110 - 10111?
-11101
In base 15, what is -3 + -1aaa?
-1aad
In base 12, what is 965 - 0?
965
In base 2, what is -110 - 111111?
-1000101
In base 16, what is -3 + 8ab?
8a8
In base 3, what is 1 - -1020?
1021
In base 14, what is -39dd + -5?
-3a04
In base 6, what is 224 - -11?
235
In base 16, what is 4 + 1466?
146a
In base 4, what is -3 - -2031?
2022
In base 14, what is -4 - 530?
-534
In base 16, what is -254 - 10?
-264
In base 5, what is -2 - -31?
24
In base 14, what is 24d6 - 1?
24d5
In base 13, what is 2 + -a71?
-a6c
In base 15, what is -1 + -56?
-57
In base 10, what is 5 - 158?
-153
In base 3, what is -2002001 - 10?
-2002011
In base 6, what is 3330 - -1?
3331
In base 15, what is -eb3 - 8?
-ebb
In base 13, what is 5 + 14c?
154
In base 15, what is ac + 9?
b6
In base 5, what is -4 + 203?
144
In base 6, what is 4 - -420?
424
In base 15, what is 0 - -2?
2
In base 9, what is 4 - -106?
111
In base 8, what is -1022 - -1?
-1021
In base 14, what is -c8 + 4?
-c4
In base 4, what is -10 + 220333?
220323
In base 5, what is 1232 + 112?
1344
In base 12, what is 1b22 + -5?
1b19
In base 13, what is -45 + -32?
-77
In base 5, what is 4341 - 13?
4323
In base 5, what is -124 + 11?
-113
In base 13, what is 2 + -248?
-246
In base 12, what is 1b + 2?
21
In base 4, what is -1103 + 32?
-1011
In base 7, what is 2 - -625?
630
In base 11, what is -5 - -1a8?
1a3
In base 3, what is 10001201 - -1?
10001202
In base 5, what is 10121 + 10?
10131
In base 5, what is 201242 + 2?
201244
In base 8, what is -1555 - -11?
-1544
In base 16, what is 22f + 1?
230
In base 10, what is 4 - -3958?
3962
In base 16, what is 1 - 4b?
-4a
In base 5, what is 100 - -12?
112
In base 7, what is -102 - 65?
-200
In base 4, what is -31023 + 11?
-31012
In base 15, what is 35 + -158?
-123
In base 14, what is 6 - -4?
a
In base 14, what is 55 - -5d?
b4
In base 6, what is 32 - 2?
30
In base 6, what is 42 - -233?
315
In base 2, what is -1000111010 - 1?
-1000111011
In base 12, what is 20 + 15?
35
In base 2, what is -1111000110 + 11?
-1111000011
In base 10, what is -2 + -455?
-457
In base 15, what is -2 - -59?
57
In base 5, what is 232 + -131?
101
In base 3, what is -1 + -100201?
-100202
In base 13, what is 62 - -3?
65
In base 10, what is -3 + -2?
-5
In base 11, what is 28 + 86?
103
In base 11, what is 82 + -15?
68
In base 15, what is 5 + -432?
-42c
In base 5, what is 41 + -10?
31
In base 11, what is -2 + -29?
-30
In base 8, what is -3 - 303?
-306
In base 16, what is 1df8 - 2?
1df6
In base 6, what is 21 - 240?
-215
In base 6, what is 2 - -340?
342
In base 11, what is -7 - 37?
-43
In base 15, what is -58e + -1?
-590
In base 13, what is -255 - -1?
-254
In base 4, what is -1230 - 20?
-1310
In base 6, what is 4 + 20141?
20145
In base 6, what is 30 + 42?
112
In base 11, what is -29 - -2?
-27
In base 15, what is -165 + 6?
-15e
In base 16, what is -2f - 11c?
-14b
In base 8, what is 6 + -10123?
-10115
In base 16, what is 19 - -6?
1f
In base 10, what is -12 - 12?
-24
In base 6, what is 2 + -2040?
-2034
In base 4, what is -110303 - 3?
-110312
In base 10, what is 0 + 217?
217
In base 8, what is 1 - -1073?
1074
In base 10, what is 42 - -7?
49
In base 8, what is 230 + -3?
225
In base 10, what is 9320 - 2?
9318
In base 13, what is 2 - -1ca?
1cc
In base 9, what is 0 + -38?
-38
In base 5, what is -43 + -2?
-100
In base 12, what is 0 + 77?
77
In base 4, what is 3 + 113?
122
In base 14, what is 92 + -9?
87
In base 8, what is -1 - 164?
-165
In base 9, what is -1574 - -4?
-1570
In base 6, what is -11331 + 3?
-11324
In base 4, what is 3 - 111122?
-111113
In base 7, what is -5 - -1420?
1412
In base 11, what is -31 + -a?
-40
In base 12, what is -2 - -19?
17
In base 3, what is -100110002 - 2?
-100110011
In base 14, what is 3 - 19?
-16
In base 4, what is -2030 - -1?
-2023
In base 11, what is 175 + 1?
176
In base 2, what is 10000 + 10101?
100101
In base 4, what is 1210121 + 10?
1210131
In base 11, what is 7 + 139?
145
In base 4, what is -10 - 102130?
-102200
In base 12, what is 87 - -4?
8b
In base 8, what is -2 + -133?
-135
In base 11, what is 319a - 0?
319a
In base 8, what is -1237 - -3?
-1234
In base 10, what is -12 + -4?
-16
In base 3, what is -10 - -12111?
12101
In base 9, what is 61 + -5?
55
In base 11, what is -28a - 2?
-291
In base 7, what is -15064 + 5?
-15056
In base 3, what is -1221121 + 1?
-1221120
In base 3, what is 22 + -212011?
-211212
In base 5, what is 14110 - 4?
14101
In base 14, what is 4b - -27?
74
In base 8, what is -4 + 20?
14
In base 11, what is 2 - 379?
-377
In base 4, what is -12200 - 10?
-12210
In base 16, what is -44 + 5?
-3f
In base 3, what is 120 - -22?
212
In base 10, what is 4 - -601?
605
In base 5, what is -14 + -21312?
-21331
In base 16, what is 3c - -6d?
a9
In base 13, what is -3 + -19b?
-1a1
In base 7, what is 155630 + -5?
155622
In base 13, what is -9 + -837?
-843
In base 2, what is -1011101010 - 10?
-1011101100
In base 4, what is 11 + -102?
-31
In base 5, what is -211 + 11?
-200
In base 6, what is 1 - -23303?
23304
In base 16, what is 2 + -19d?
-19b
In base 10, what is -19 + -5?
-24
In base 2, what is 0 + 110010?
110010
In base 5, what is -111222 + 2?
-111220
In base 16, what is -116 - -4d?
-c9
In base 10, what is -12 + -321?
-333
In base 16, what is -14 + 90?
7c
In base 7, what is -3 + -1666?
-2002
In base 14, what is c8b + -3?
c88
In base 16, what is 33 - 1?
32
In base 8, what is 4 - 7?
-3
In base 16, what is 12 + -2fd?
-2eb
In base 3, what is -110000 + -102?
-110102
In base 14, what is 430 + 1?
431
In base 8, what is -1071 + 5?
-1064
In base 7, what is -155 + 10?
-145
In base 11, what is -2 - 4?
-6
In base 2, what is -1001 + -1100?
-10101
In base 12, what is 109 - -6?
113
In base 12, what is -255 - 1?
-256
In base 6, what is -3 - -5?
2
In base 4, what is 2233121 - 11?
2233110
In base 2, what is 1 + 101011?
101100
In base 9, what is 38 - 220?
-171
In base 4, what is -23 + 10?
-13
In base 5, what is -3231 - -1?
-3230
In base 14, what is d + -79?
-6a
In base 7, what is 2 - -4061?
4063
In base 5, what is -22 - 3244?
-3321
In base 6, what is -3 - 2004?
-2011
In base 12, what is -313a - 5?
-3143
In base 3, what is -2021 - -2022?
1
In base 16, what is -99 + -2?
-9b
In base 9, what is 15 - -58?
74
In base 4, what is 112003 - 11?
111332
In base 13, what is -8 + 6ab?
6a3
In base 15, what is -2e9 - 1?
-2ea
In base 7, what is 2 - 2212?
-2210
In base 8, what is 137 + 33?
172
In base 15, what is ad - -3d?
eb
In base 12, what is 28 - -10?
38
In base 10, what is 36 - -4?
40
In base 8, what is 30 + -3?
25
In base 15, what is -5 - -78?
73
In base 5, what is 430 - 3?
422
In base 11, what is -141 + 1?
-140
In base 8, what is 2 + -2242?
-2240
In base 9, what is 360 + -1?
358
In base 16, what is 5 - -1e6?
1eb
In base 5, what is -34 - 44?
-133
In base 5, what is 2313 - -3?
2321
In base 4, what is -10 + -1131?
-1201
In base 16, what is -3 + -38?
-3b
In base 13, what is 2 - 95?
-93
In base 10, what is -24 + -8?
-32
In base 16, what is -5 + -215?
-21a
In base 15, what is 50 + 3?
53
In base 8, what is 0 - 127?
-127
In base 13, what is -1 - -642?
641
In base 2, what is 1001101 + -10011?
111010
In base 11, what is -4a3 - -1?
-4a2
In base 13, what is -7c + -3?
-82
In base 12, what is -5 + 4a7?
4a2
In base 7, what is 6 - 61?
-52
In base 6, what is 10055 + -2?
10053
In base 9, what is -437 + 2?
-43